what is -1 + 10100110000100100?
10100110000100011
In base 6, what is 15 - -441032?
441051
In base 2, what is -111100000 + -1010?
-111101010
In base 8, what is 17 + -6073?
-6054
In base 2, what is 11 + -110111101001101?
-110111101001010
In base 7, what is 4 + -20454?
-20450
In base 3, what is 111 + -11010101?
-11002220
In base 9, what is -206 + -1573?
-1780
In base 13, what is -3 + 53245?
53242
In base 5, what is 2420 - -43?
3013
In base 12, what is -1486 - -13?
-1473
In base 15, what is -182 + -9c?
-22e
In base 9, what is -52647 - -6?
-52641
In base 9, what is 363354 + -2?
363352
In base 3, what is 202011 - -2000?
211011
In base 11, what is 83681 - -5?
83686
In base 4, what is 2223 + -22021232?
-22013003
In base 5, what is 10 + -43123140?
-43123130
In base 4, what is 210031 + 123?
210220
In base 11, what is 36 + 56a4?
572a
In base 11, what is 1740 + 336?
1a76
In base 2, what is -101 - -100111010111?
100111010010
In base 12, what is 58 + 469?
505
In base 13, what is -2 + 5779?
5777
In base 16, what is -38be - cb?
-3989
In base 9, what is -5 - 313664?
-313670
In base 2, what is -1111110011101 - 11010100?
-10000001110001
In base 8, what is 36142 - -17?
36161
In base 15, what is 130b4d7 + 2?
130b4d9
In base 11, what is -786 - -130?
-656
In base 7, what is -364 + 112?
-252
In base 11, what is 123 - 690?
-568
In base 4, what is -11 - 1011120322?
-1011120333
In base 5, what is 22 + 1023?
1100
In base 15, what is -75360 - 3?
-75363
In base 7, what is 0 + -42344?
-42344
In base 6, what is 103352 - 103?
103245
In base 5, what is 1222 - -1103?
2330
In base 5, what is 143330431 - -2?
143330433
In base 6, what is -34240 + -521?
-35201
In base 3, what is -2 + -2102201021?
-2102201100
In base 14, what is -283b6 + -6?
-283bc
In base 12, what is -91183 - -3?
-91180
In base 8, what is 3 - -55434?
55437
In base 6, what is -23 - -12523005?
12522542
In base 10, what is 3255 - -1506?
4761
In base 8, what is -53216 + -20?
-53236
In base 5, what is -2220 - 100313?
-103033
In base 3, what is -2 - 102100111?
-102100120
In base 7, what is 1224 - -2?
1226
In base 16, what is 135 + -8ee?
-7b9
In base 14, what is 5 + -2001?
-1dda
In base 2, what is 101 + 1100011000100001101?
1100011000100010010
In base 8, what is 157 + 1146?
1325
In base 7, what is -32612 - 25?
-32640
In base 12, what is -45 + 37?
-a
In base 8, what is 31 + -4323?
-4272
In base 15, what is 4 - -5e832?
5e836
In base 2, what is -10111000011001 - 11101?
-10111000110110
In base 15, what is a - 25ca?
-25c0
In base 16, what is -752d5 - 2?
-752d7
In base 4, what is 11001 - 1131?
3210
In base 16, what is a11 - -30?
a41
In base 10, what is 648584 + 3?
648587
In base 13, what is -a7 - -3?
-a4
In base 16, what is 17 - 36a4?
-368d
In base 4, what is -1213 + 1330322?
1323103
In base 15, what is -3a1 - -2b?
-375
In base 9, what is -6613 - -316?
-6286
In base 9, what is 65 - -681?
756
In base 10, what is -232320 - 5?
-232325
In base 15, what is 753 - 26?
72c
In base 4, what is 12321 - 30?
12231
In base 15, what is -2 - -cbbe8?
cbbe6
In base 8, what is 5445 + 1?
5446
In base 13, what is 72 + -1c75?
-1c03
In base 12, what is -2a591b - -4?
-2a5917
In base 5, what is 4402 + -41?
4311
In base 11, what is -16 + 55a?
544
In base 13, what is 8 - -2673?
267b
In base 12, what is 0 - 3b83a9?
-3b83a9
In base 8, what is 2 + 151674?
151676
In base 11, what is 3725 - -47a?
40a4
In base 12, what is -13325 + 6?
-1331b
In base 6, what is -1 + 2400154?
2400153
In base 15, what is -2 - 483b?
-483d
In base 8, what is 1600325 - 3?
1600322
In base 12, what is 4 + 77b?
783
In base 15, what is -8 - -1ac7?
1abe
In base 16, what is 8 + 40b41?
40b49
In base 14, what is -591 - -22?
-56d
In base 5, what is 331324 - -102?
331431
In base 15, what is -17b6a + -2?
-17b6c
In base 14, what is -3044 - -2a?
-3018
In base 7, what is 2 - 11144?
-11142
In base 15, what is -102 - -4eb?
3e9
In base 16, what is 1 - -f10?
f11
In base 9, what is 465 + -6081?
-5515
In base 13, what is -13 + -30b99?
-30bac
In base 12, what is -23 - 389?
-3b0
In base 3, what is 200 - 100012022221?
-100012022021
In base 7, what is -204 + 1315?
1111
In base 4, what is 11331322 - -23?
11332011
In base 12, what is -5 + 2944?
293b
In base 7, what is -2014326 + -3?
-2014332
In base 7, what is 2 + 255541?
255543
In base 10, what is -12857 + -5?
-12862
In base 12, what is -2a91 - -129?
-2964
In base 6, what is 4150 - 554?
3152
In base 15, what is -63d - 1e?
-65c
In base 14, what is -6 - 1a71?
-1a77
In base 14, what is ba9d2 + -1?
ba9d1
In base 13, what is 33ac24 - 3?
33ac21
In base 8, what is 5 - -15171?
15176
In base 16, what is -558 + -193?
-6eb
In base 6, what is 21323 - -2552?
24315
In base 8, what is 105 + 5365?
5472
In base 12, what is 6841 - -2?
6843
In base 6, what is -11244 - 13?
-11301
In base 14, what is 4 - 1582?
-157c
In base 14, what is 16b8b - -5?
16b92
In base 4, what is 2031 - -232?
2323
In base 14, what is -4c0bc4 - 0?
-4c0bc4
In base 10, what is -32 + 2391?
2359
In base 12, what is 4 - -a9?
b1
In base 12, what is -7 - -9943a?
99433
In base 14, what is 3864bd - -4?
3864c3
In base 14, what is -818c - -10?
-817c
In base 5, what is 123 - 202210?
-202032
In base 16, what is -4300 - 8?
-4308
In base 7, what is 42401 + -14?
42354
In base 14, what is -250 - -d0?
-160
In base 8, what is -145 - -450?
303
In base 13, what is 8218 - 1?
8217
In base 15, what is 27 - 864?
-83c
In base 4, what is 311021 - 3?
311012
In base 4, what is 23322322 - 1?
23322321
In base 2, what is -1011100 - -1100101110?
1011010010
In base 5, what is -11233423 - 4?
-11233432
In base 10, what is 1 + 10062?
10063
In base 12, what is -2 - 5a64?
-5a66
In base 14, what is -2 - 29890?
-29892
In base 2, what is -100101 + -100111011?
-101100000
In base 12, what is -15185 - -24?
-15161
In base 2, what is -1101000 - 1100010000?
-1101111000
In base 6, what is 150001321 + 3?
150001324
In base 15, what is -20621 - -2?
-2061e
In base 3, what is 2 - -111211222212?
111211222221
In base 12, what is -17 + 22771?
22756
In base 15, what is 5 - a473?
-a46d
In base 3, what is 1202010022 - 12?
1202010010
In base 16, what is -3d192 - 0?
-3d192
In base 5, what is -132 + 10330331?
10330144
In base 13, what is 1b710c - -7?
1b7116
In base 7, what is 6626646 + 3?
6626652
In base 12, what is 2 + -200a?
-2008
In base 12, what is 5aa5 - 1b?
5a86
In base 9, what is -87075 - 0?
-87075
In base 11, what is -60 + 4543?
4493
In base 12, what is -3 + -5889?
-5890
In base 5, what is -10 - -13404333?
13404323
In base 6, what is 1251 + 32?
1323
In base 10, what is 548809 + -1?
548808
In base 2, what is 0 - 100011011110001111?
-100011011110001111
In base 9, what is 40760 + 66?
40836
In base 16, what is -5 - -b2b0c?
b2b07
In base 7, what is 321 + -10035?
-6414
In base 13, what is -a83 - -5c?
-a24
In base 7, what is 231 - 134420?
-134156
In base 14, what is -21bcac + 2?
-21bcaa
In base 16, what is 3a + -37c?
-342
In base 16, what is 41 - -30?
71
In base 8, what is 316 + -347?
-31
In base 15, what is -28cbe - 7?
-28cc6
In base 3, what is -222102000211 + -11?
-222102000222
In base 16, what is -7c5 + 19e?
-627
In base 12, what is 28 + 3401?
3429
In base 11, what is 470826 + -2?
470824
In base 3, what is 21202121122 + 10?
21202121202
In base 3, what is -1100111012 + 1220?
-1100102022
In base 10, what is -173 + 6433?
6260
In base 5, what is -313 - -202220?
201402
In base 3, what is 11200101 + -2202?
11120122
In base 5, what is -120 - 44323?
-44443
In base 4, what is -23231 + 1113321?
1030030
In base 14, what is -2c + 12b?
dd
In base 11, what is -464 - 94?
-548
In base 11, what is -12573 - 2?
-12575
In base 6, what is -13553025 + 2?
-13553023
In base 10, what is -4371 - -18?
-4353
In base 7, what is 116 - 66124?
-66005
In base 2, what is -1 + -100100100011010010001?
-100100100011010010010
In base 16, what is 15ab + -1?
15aa
In base 13, what is -5 + 118534?
11852c
In base 14, what is -97c - -25b?
-721
In base 5, what is -242443240 - 3?
-242443243
In base 15, what is 55 + 31c9?
322e
In base 10, what is -308 + 142?
-166
In base 10, what is -300599 - 0?
-300599
In base 16, what is -4 - -ad7?
ad3
In base 5, what is -20013 - 31122?
-101140
In base 10, what is 3840 - 12?
3828
In base 15, what is -3bcd - -10?
-3bbd
In base 16, what is 410 + -2bc?
154
In base 15, wh